{"id":14,"date":"2023-03-08T07:28:13","date_gmt":"2023-03-08T10:28:13","guid":{"rendered":"https:\/\/galeria.femems.com.br\/?page_id=14"},"modified":"2023-04-04T11:27:54","modified_gmt":"2023-04-04T14:27:54","slug":"galeria","status":"publish","type":"page","link":"https:\/\/info.femems.com.br\/index.php\/galeria\/","title":{"rendered":"Galeria"},"content":{"rendered":"\n<!DOCTYPE html>\n<html lang=\"zxx\">\n<head>\n    <meta charset=\"UTF-8\">\n    <meta name=\"description\" content=\"Manup Template\">\n    <meta name=\"keywords\" content=\"Manup, unica, creative, html\">\n    <meta name=\"viewport\" content=\"width=device-width, initial-scale=1.0\">\n    <meta http-equiv=\"X-UA-Compatible\" content=\"ie=edge\">\n    <title>P\u00e1gina Oficial | FEMEMS<\/title>\n    <!-- Google Font -->\n    <link href=\"https:\/\/fonts.googleapis.com\/css?family=Work+Sans:400,500,600,700,800,900&#038;display=swap\"\n        rel=\"stylesheet\">\n    <link href=\"https:\/\/fonts.googleapis.com\/css?family=Poppins:400,500,600,700&#038;display=swap\" rel=\"stylesheet\">\n    <!-- Css Styles -->\n    <link rel=\"stylesheet\" href=\"https:\/\/femems.com.br\/css\/bootstrap.min.css\" type=\"text\/css\">\n    <link rel=\"stylesheet\" href=\"https:\/\/femems.com.br\/css\/font-awesome.min.css\" type=\"text\/css\">\n    <link rel=\"stylesheet\" href=\"https:\/\/femems.com.br\/css\/elegant-icons.css\" type=\"text\/css\">\n    <link rel=\"stylesheet\" href=\"https:\/\/femems.com.br\/css\/owl.carousel.min.css\" type=\"text\/css\">\n    <link rel=\"stylesheet\" href=\"https:\/\/femems.com.br\/css\/magnific-popup.css\" type=\"text\/css\">\n    <link rel=\"icon\" type=\"image\/x-icon\" href=\"https:\/\/www.femems.com.br\/img\/h-about.jpg\">\n    <link rel=\"stylesheet\" href=\"https:\/\/femems.com.br\/css\/slicknav.min.css\" type=\"text\/css\">\n    <link rel=\"stylesheet\" href=\"https:\/\/femems.com.br\/css\/style.css\" type=\"text\/css\">\n    <script src=\"https:\/\/cdnjs.cloudflare.com\/ajax\/libs\/prefixfree\/1.0.7\/prefixfree.min.js\"><\/script>\n    <script src=\"https:\/\/ajax.googleapis.com\/ajax\/libs\/jquery\/1.11.0\/jquery.min.js\"><\/script>\n    <style type=\"text\/css\">\n        .table-overflow {\n            \/\/max-height:400px;\n            overflow-y:auto;\n        }\n        .label-info {\n        background-color: #5bc0de;\n        }\n        .label {\n        display: inline;\n        padding: 0.2em 0.6em 0.3em;\n        font-size: 75%;\n        font-weight: 700;\n        line-height: 1;\n        color: #fff;\n        text-align: center;\n        white-space: nowrap;\n        vertical-align: baseline;\n        border-radius: 0.25em;\n        }\n        .label-success {\n        background-color: #5cb85c;\n        }\n        .label {\n        display: inline;\n        padding: 0.2em 0.6em 0.3em;\n        font-size: 75%;\n        font-weight: 700;\n        line-height: 1;\n        color: #fff;\n        text-align: center;\n        white-space: nowrap;\n        vertical-align: baseline;\n        border-radius: 0.25em;\n        }\n        .label-danger {\n        background-color: #d9534f;\n        }\n        .label {\n        display: inline;\n        padding: 0.2em 0.6em 0.3em;\n        font-size: 75%;\n        font-weight: 700;\n        line-height: 1;\n        color: #fff;\n        text-align: center;\n        white-space: nowrap;\n        vertical-align: baseline;\n        border-radius: 0.25em;\n        }\n        .price-item .pi-price h2 span{\n            left: -17px;\n        }\n        .logo {\n            padding-top: 12px;\n        }\n       .logo img {\n             height: 80px;\n        }\n       .ft-logo img {\n             height: 80px;\n        }\n    <\/style>\n<\/head>\n<body>\n    <!-- Page Preloder -->\n    <div id=\"preloder\">\n        <div class=\"loader\"><\/div>\n    <\/div>\n    <!-- Header Section Begin -->\n    <header class=\"header-section\">\n        <div class=\"container\">\n            <div class=\"logo\">\n                <a href=\"https:\/\/femems.com.br\/\">\n                    <img decoding=\"async\" src=\"https:\/\/femems.com.br\/img\/h-about.jpg\">\n                <\/a>\n            <\/div>\n            <div class=\"nav-menu\">\n                <nav class=\"mainmenu mobile-menu\">\n                    <ul>\n                        <li><a href=\"https:\/\/femems.com.br\" target=\"_blank\" rel=\"noopener\">In\u00edcio<\/a><\/li>\n                        <!-- <li><a href=\"#sobre\">Sobre<\/a><\/li> -->\n                        <li><a href=\"https:\/\/femems.com.br\/regulamento\" target=\"_blank\" rel=\"noopener\">Regulamento<\/a><\/li>\n                        <li><a href=\"https:\/\/femems.com.br\/classificacao\" target=\"_blank\" rel=\"noopener\">Classifica\u00e7\u00e3o<\/a><\/li>\n                        <li><a href=\"https:\/\/info.femems.com.br\/index.php\/galeria\/\">Galeria<\/a><\/li>\n                        <li><a href=\"https:\/\/femems.com.br\/#eventos\" target=\"_blank\" rel=\"noopener\">Eventos<\/a><\/li>\n<li><a href=\"https:\/\/info.femems.com.br\/index.php\/noticias\" target=\"_blank\" rel=\"noopener\">Not\u00edcias<\/a><\/li>\n                        <!-- <li><a href=\"#valor\">Valor<\/a><\/li> -->\n                        <li><a href=\"https:\/\/femems.com.br\/#contato\" target=\"_blank\" rel=\"noopener\">Contato<\/a><\/li>\n                    <\/ul>\n                <\/nav>\n                \n            <\/div>\n            <div id=\"mobile-menu-wrap\"><\/div>\n        <\/div>\n    <\/header>\n    <!-- Header End -->\n  <!-- Breadcrumb Section Begin -->\n<hr>\n    <section class=\"breadcrumb-section\">\n        <div class=\"container\">\n            <div class=\"row\">\n                <div class=\"col-lg-12\">\n                    <div class=\"breadcrumb-text\">\n                        <h2>Galeria<\/h2>\n                    <\/div>\n                <\/div>\n            <\/div>\n        <\/div>\n    <\/section>\n\n\n\n<div class=\"ngg-albumoverview default-view\">\n            <div class=\"ngg-album-compact\">\n            <div class=\"ngg-album-compactbox\">\n                <div class=\"ngg-album-link\">\n                                                                <a title='Aleat\u00f3rias '\n                       href='https:\/\/info.femems.com.br\/index.php\/galeria\/galeria-femems\/cassilandia-motocross\/aleatorias'>\n                            <img class=\"Thumb\"\n                                 alt=\"Aleat\u00f3rias \"\n                                 src=\"https:\/\/info.femems.com.br\/wp-content\/gallery\/aleatorias\/cache\/314954821_535786458562360_6132682279820515055_n.jpg-nggid0247-ngg0dyn-240x160x100-00f0w010c011r110f110r010t010.jpg\"\/>\n                        <\/a>\n                                                        <\/div>\n            <\/div>\n                        <h4>\n                <a class='ngg-album-desc' title='Aleat\u00f3rias '\n                       href='https:\/\/info.femems.com.br\/index.php\/galeria\/galeria-femems\/cassilandia-motocross\/aleatorias'style=\"max-width: 260px\">Aleat\u00f3rias <\/a>\n            <\/h4>\n            <p class=\"ngg-album-gallery-image-counter\">\n                                    <strong>4<\/strong>&nbsp;Fotos                            <\/p>\n        <\/div>\n            <div class=\"ngg-album-compact\">\n            <div class=\"ngg-album-compactbox\">\n                <div class=\"ngg-album-link\">\n                                                                <a title='Parana\u00edba-ms 2023 4\u00b0 Etapa do MXMS'\n                       href='https:\/\/info.femems.com.br\/index.php\/galeria\/galeria-femems\/cassilandia-motocross\/paranaiba-ms-2023-4-etapa-do-mxms'>\n                            <img class=\"Thumb\"\n                                 alt=\"Parana\u00edba-ms 2023 4\u00b0 Etapa do MXMS\"\n                                 src=\"https:\/\/info.femems.com.br\/wp-content\/gallery\/paranaiba-ms-2023-4-etapa-do-mxms\/cache\/1686677385117.jpg-nggid0251-ngg0dyn-240x160x100-00f0w010c011r110f110r010t010.jpg\"\/>\n                        <\/a>\n                                                        <\/div>\n            <\/div>\n                        <h4>\n                <a class='ngg-album-desc' title='Parana\u00edba-ms 2023 4\u00b0 Etapa do MXMS'\n                       href='https:\/\/info.femems.com.br\/index.php\/galeria\/galeria-femems\/cassilandia-motocross\/paranaiba-ms-2023-4-etapa-do-mxms'style=\"max-width: 260px\">Parana\u00edba-ms 2023 4\u00b0 Etapa do MXMS<\/a>\n            <\/h4>\n            <p class=\"ngg-album-gallery-image-counter\">\n                                    <strong>6<\/strong>&nbsp;Fotos                            <\/p>\n        <\/div>\n            <div class=\"ngg-album-compact\">\n            <div class=\"ngg-album-compactbox\">\n                <div class=\"ngg-album-link\">\n                                                                <a title='SEMI FINAL MSVX 2025'\n                       href='https:\/\/info.femems.com.br\/index.php\/galeria\/galeria-femems\/cassilandia-motocross\/semi-final-msvx-2025'>\n                            <img class=\"Thumb\"\n                                 alt=\"SEMI FINAL MSVX 2025\"\n                                 src=\"https:\/\/info.femems.com.br\/index.php\/nextgen-image\/66\/240x160x100\/crop\/ef2d8653448a3b9d644e9288c732909c\"\/>\n                        <\/a>\n                                                        <\/div>\n            <\/div>\n                        <h4>\n                <a class='ngg-album-desc' title='SEMI FINAL MSVX 2025'\n                       href='https:\/\/info.femems.com.br\/index.php\/galeria\/galeria-femems\/cassilandia-motocross\/semi-final-msvx-2025'style=\"max-width: 260px\">SEMI FINAL MSVX 2025<\/a>\n            <\/h4>\n            <p class=\"ngg-album-gallery-image-counter\">\n                                    <strong>15<\/strong>&nbsp;Fotos                            <\/p>\n        <\/div>\n        <br class=\"ngg-clear\"\/>\n    <div class='ngg-clear'><\/div><\/div>\n\n\n\n\n<!-- Contact Section End -->\n<a href=\"https:\/\/wa.me\/5567981439400?text=Contato%20do%20site%20FEMEMS\" style=\"position:fixed;width:60px;height:60px;bottom:40px;right:40px;background-color:#25d366;color:#FFF;border-radius:50px;text-align:center;font-size:30px;box-shadow: 1px 1px 2px #888;\n  z-index:1000;\" target=\"_blank\" rel=\"noopener\">\n<i style=\"margin-top:16px\" class=\"fa fa-whatsapp\"><\/i>\n<\/a>\n    <!-- Footer Section Begin -->\n    <footer class=\"footer-section\">\n        <div class=\"container\">\n            <div class=\"row\">\n                <div class=\"col-lg-12\">\n                    <div class=\"footer-text\">\n                        <div class=\"ft-logo\">\n                            <a href=\"#\" class=\"footer-logo\"><img decoding=\"async\" src=\"https:\/\/femems.com.br\/img\/h-about.jpg\" alt=\"\" height=\"80\"><\/a>\n                        <\/div>\n<!--                         <ul>\n                            <li><a href=\"#\">Home<\/a><\/li>\n                            <li><a href=\"#\">Speakers<\/a><\/li>\n                            <li><a href=\"#\">Schedule<\/a><\/li>\n                            <li><a href=\"#\">Blog<\/a><\/li>\n                            <li><a href=\"#\">Contact<\/a><\/li>\n                        <\/ul> -->\n                        <div class=\"copyright-text\"><p><!-- Link back to Colorlib can't be removed. Template is licensed under CC BY 3.0. -->\n  Copyright &copy;<script>document.write(new Date().getFullYear());<\/script> Todos os direitos reservados | Desenvolvido por  <a href=\"https:\/\/instagram.com\/mauriciofelic21\" target=\"_blank\" rel=\"noopener\">Mauricio Feliciano<\/a> | <a href=\"https:\/\/instagram.com\/i9midiasocial\/\" target=\"_blank\" rel=\"noopener\">I9 M\u00eddia Social<\/a>\n  <!-- Link back to Colorlib can't be removed. Template is licensed under CC BY 3.0. --><\/p><\/div>\n                        <div class=\"ft-social\">\n                            <a href=\"https:\/\/www.facebook.com\/Femems2020\/\" target=\"_blank\" rel=\"noopener\"><i class=\"fa fa-facebook\"><\/i><\/a>\n                            <a href=\"https:\/\/www.instagram.com\/fememsmotociclismo\/\" target=\"_blank\" rel=\"noopener\"><i class=\"fa fa-instagram\"><\/i><\/a>\n                        <\/div>\n                    <\/div>\n                <\/div>\n            <\/div>\n        <\/div>\n    <\/footer>\n    <!-- Footer Section End -->\n    <!-- Js Plugins -->\n    <script src=\"https:\/\/femems.com.br\/js\/jquery-3.3.1.min.js\"><\/script>\n    <script src=\"https:\/\/femems.com.br\/js\/bootstrap.min.js\"><\/script>\n    <script src=\"https:\/\/femems.com.br\/js\/jquery.magnific-popup.min.js\"><\/script>\n    <script src=\"https:\/\/femems.com.br\/js\/jquery.countdown.min.js\"><\/script>\n    <script src=\"https:\/\/femems.com.br\/js\/jquery.slicknav.js\"><\/script>\n    <script src=\"https:\/\/femems.com.br\/js\/owl.carousel.min.js\"><\/script>\n    <script src=\"https:\/\/femems.com.br\/js\/main.js\"><\/script>\n<\/body>\n<\/html>\n","protected":false},"excerpt":{"rendered":"<p>P\u00e1gina Oficial | FEMEMS In\u00edcio Regulamento Classifica\u00e7\u00e3o Galeria Eventos Not\u00edcias Contato Galeria Copyright &copy; Todos os direitos reservados | Desenvolvido por Mauricio Feliciano | I9 M\u00eddia Social<\/p>\n","protected":false},"author":1,"featured_media":0,"parent":0,"menu_order":0,"comment_status":"closed","ping_status":"closed","template":"elementor_canvas","meta":{"ngg_post_thumbnail":0},"_links":{"self":[{"href":"https:\/\/info.femems.com.br\/index.php\/wp-json\/wp\/v2\/pages\/14"}],"collection":[{"href":"https:\/\/info.femems.com.br\/index.php\/wp-json\/wp\/v2\/pages"}],"about":[{"href":"https:\/\/info.femems.com.br\/index.php\/wp-json\/wp\/v2\/types\/page"}],"author":[{"embeddable":true,"href":"https:\/\/info.femems.com.br\/index.php\/wp-json\/wp\/v2\/users\/1"}],"replies":[{"embeddable":true,"href":"https:\/\/info.femems.com.br\/index.php\/wp-json\/wp\/v2\/comments?post=14"}],"version-history":[{"count":56,"href":"https:\/\/info.femems.com.br\/index.php\/wp-json\/wp\/v2\/pages\/14\/revisions"}],"predecessor-version":[{"id":188,"href":"https:\/\/info.femems.com.br\/index.php\/wp-json\/wp\/v2\/pages\/14\/revisions\/188"}],"wp:attachment":[{"href":"https:\/\/info.femems.com.br\/index.php\/wp-json\/wp\/v2\/media?parent=14"}],"curies":[{"name":"wp","href":"https:\/\/api.w.org\/{rel}","templated":true}]}}